be 6*(-4)/64 - (-27)/8. Let j(h) = 5 - m*h - 4*h + h**2 + 5*h. What is j(5)?
20
Let c be -1*(0/(-4) + -2). Let d(i) = 4*i**c - 5*i - 4*i + 5*i + 3*i. Calculate d(-1).
5
Let x(f) = 2*f - 13. Let o be x(14). Let u be (15/(-6))/(o/(-12)). Suppose z + 2*z = u*v + 3, 5*v - z - 25 = 0. Let p(l) = -l**2 + 6*l - 5. What is p(v)?
-5
Let s(a) = a**3 - 3*a**2 - 2*a + 2. Let v = 21 - 14. Let u = v - 10. Let g = u + 6. Give s(g).
-4
Let f(t) be the first derivative of 9/2*t**2 - 6*t - 18 - 1/3*t**3. What is f(7)?
8
Let c(r) = -5 - r + 5 - 3. Let y be c(-5). Let s(l) = 4 + l + 2*l - y*l. Determine s(-7).
-3
Let h(r) be the third derivative of r**5/40 + r**4/6 - 13*r**3/6 + 13*r**2. Let b(d) be the first derivative of h(d). What is b(-4)?
-8
Let d = -8 - -13. Let y(x) be the first derivative of x**4/4 - 5*x**3/3 + x**2/2 - 5*x - 10. What is y(d)?
0
Let h(q) = -q**3 - 10*q**2 - 22*q + 5. Let a be h(-6). Let w(k) be the second derivative of k**5/20 + 7*k**4/12 - k**3/6 - 4*k**2 + k. What is w(a)?
-1
Suppose 2*g = -7*g. Suppose 4*n + 21 + 3 = g. Let l(b) = b**3 + 7*b**2 + 6*b - 3. Determine l(n).
-3
Let n(d) = -3*d - 1. Let h be 57/18*2 - (-2)/(-6). What is n(h)?
-19
Let q(d) = -3*d**2 - 11*d - 7. Let k(z) = 8*z**2 - 126*z - 35. Let y be k(16). Give q(y).
-1
Let i(u) = -2*u + 9. Suppose -j + 5 = 3. Suppose -5*c + 23 + 22 = j*l, -2*c - 2*l + 24 = 0. Give i(c).
-5
Let f(z) = 272*z**2 + z**3 - 263*z**2 + 10*z + 4 - 2*z**3. Suppose 170*c = 167*c + 30. Calculate f(c).
4
Let s be -1 - -2*10/(-4). Let v(o) = o**3 + 5*o**2 - 6*o - 15. Give v(s).
-15
Let t(l) = 2*l**3 - l. Let i be t(1). Let q(v) = 3*v**2 + 4 - 12 + 0 + 9. Give q(i).
4
Let q(i) = i - 1. Let x = -10 + 49. Suppose 5*s + x = 14. Give q(s).
-6
Let k(i) = 37*i**2 + 17*i + 31. Let a(g) = -59*g**2 - 26*g - 46. Let s(p) = -5*a(p) - 8*k(p). What is s(-6)?
-18
Suppose 7*a + 12*a = -38. Let k(v) = v**2 + 6*v + 2. Let y(d) = -1. Let c = 3 + -4. Let f(o) = a*y(o) + c*k(o). Determine f(-6).
0
Let b(j) = -28153 + 14080 - 11*j + 14078. Determine b(-1).
16
Let s(i) be the second derivative of 0*i**2 + 0 + 1/3*i**4 + 1/20*i**5 + 0*i**3 - 13*i. Suppose 3*d - 2*b + 15 = 0, 4*d + 4*b - b = -3. Determine s(d).
9
Let w = -6 - -2. Let z = 1 - w. Let u(h) = z*h - 3*h + 0*h - 3 - 3*h + h**3 + 4*h**2. Determine u(-4).
1
Let p(o) be the third derivative of -24*o**2 + 1/30*o**5 + 0*o + 7/24*o**4 + 0 + 2/3*o**3. What is p(-4)?
8
Let h(w) be the third derivative of -w**4/24 - w**3/2 + 4*w**2 - 2. Determine h(0).
-3
Let w(j) = 6*j**2 - 2*j - 1. Let q = -59 - -55. Let a be (-4 - -4) + q + 6. Calculate w(a).
19
Let v = -1110 - -1110. Let m(a) = 4*a - 3. Let i(s) = 7*s - 5. Let l(x) = -3*i(x) + 5*m(x). Give l(v).
0
Suppose 3*j - 45 = -0*l - 4*l, 0 = 3*l - 5*j - 12. Let x be -4*l/6*-4. Let r(d) = d**2 + 11 + 9 - x + 3. Calculate r(2).
3
Suppose -1 = w + 15*a - 14*a, -8 = 5*w + 4*a. Let m(c) = -4 - c**2 + 4 - 5. Let h(q) = -2*q**2 - 9. Let s(x) = 6*h(x) - 11*m(x). Determine s(w).
-15
Let a be (-180)/600 + 186/20. Let z(c) = c**3 - 10*c**2 + 6*c - 11. Give z(a).
-38
Suppose -4*i = -s + 4 - 14, -3*i = -2*s - 5. Suppose s*b = 3 - 17. Let n(v) = -v**2 - 8*v + 10. Determine n(b).
17
Suppose 3*h = -2*t + 10, -h - h + 4 = 0. Let i = 15 + -13. Let b(r) = 5*r**i + 1 - 6*r**t - 2*r + r. Determine b(0).
1
Suppose 0 = -4*w - w - 2*v - 13, -3*w + 2*v + 5 = 0. Let j(d) = -14*d**2 - 1. Determine j(w).
-15
Let f(k) = -5*k + 4*k + 12*k - 9*k + 5. What is f(-6)?
-7
Let n(z) = -z**2 - z. Suppose -l + 7 = 2*m, 3*l - 9 = -2*l + 3*m. Determine n(l).
-12
Suppose -2*g + 6 = -2*b, 3*b = g - 2*g + 15. Suppose 0 = 5*u + 4*h - 66, h - 34 = -g*u + 3*u. Let a(s) = s**2 - 11*s + 4. Calculate a(u).
-6
Let p(l) = -l**3 - l**2 + 2*l - 1. Let i(v) = -3*v**3 - 9*v**2 + 6*v - 5. Let a(r) = i(r) - 4*p(r). Determine a(5).
-11
Suppose 8*d - 29 = -37. Let b(x) = 22*x**3 - x**2 - 2*x - 2. What is b(d)?
-23
Let w(v) be the first derivative of v**3/3 - 21*v**2/2 + 11*v + 170. What is w(20)?
-9
Let a(z) be the third derivative of 7*z**5/20 + 7*z**4/24 + z**3 - 585*z**2. What is a(-1)?
20
Let f(l) = 62*l**2 + 71*l**2 + 11 - 200*l**2 + 68*l**2. Suppose 0*x - 5*x = 0. Calculate f(x).
11
Let a(n) = -n**3 - 5*n**2 - 2*n - 6. Suppose 3*m + 4 = -8. Let g be m/16*0 + -5. What is a(g)?
4
Suppose -5*z + 17 = -3*i, -5*z = -2*z + 4*i + 13. Let x(l) = -4 + 0*l + 2*l - z - 4*l. Let w be x(-4). Let a(n) = n**3 - 2*n**2 - 4*n + 2. Give a(w).
-1
Let q(j) = -41*j + 117*j - 35*j + 4 - 39*j. Give q(-4).
-4
Let o be (2 - 3 - -2)*-1. Let y(m) = -20*m**3 + 2*m**2 - 1. Let v be y(o). Suppose v = -3*h + 3. Let p(i) = -i**2 - 5*i - 1. What is p(h)?
-7
Let z(l) = l**3 - 12*l**2 + 11*l + 12. Let c be (52/182 - (-166)/(-42))*-3. What is z(c)?
12
Let n(p) = -p**3 + 2*p**2 - p. Let y = 23 + -18. Suppose y*h = -3*q + 112, q - 3*h - 40 = -6*h. Let o = -32 + q. What is n(o)?
-2
Let n(t) = t**2 + 5*t - 3. Let j(y) = y + 1. Suppose 2*f + 49 = -3*i + 7*f, 5*f = -5*i - 95. Let z = 12 + i. Let q be j(z). Give n(q).
-3
Let q = 51 - 49. Let w(p) = -3 + p**q - 2*p**2 + 13 - p. Suppose 5*b = 6*b. Determine w(b).
10
Let g be ((-195)/(-9))/(3/(-18)). Let k = -136 - g. Let a(u) = 3*u - 5. Give a(k).
-23
Let n(z) = 13*z**2 + 77*z - 19. Let y(a) = -7*a**2 - 42*a + 9. Let v(i) = -6*n(i) - 11*y(i). What is v(-4)?
-1
Let s(g) = 8*g + 19. Let o(y) = 7*y + 18. Let t(u) = 6*o(u) - 5*s(u). What is t(-10)?
-7
Let o be (-11)/22 - (-41)/2. Suppose 0 = 6*k - 2*k - o. Suppose 2*i + 5*f - 27 = 0, -31 = 2*i - k*f - 8. Let r(c) = -12*c + 1. What is r(i)?
-11
Suppose 4*t - 9 = -3*c, -2*t + 4*c + 7 = 5*c. Let h(b) = b**3 - 6*b**2 - 6*b + 8. What is h(t)?
-28
Let p(h) = -h - 1. Let k(f) = -f**2 + 9*f + 3. Let a(u) = k(u) + 6*p(u). Let m = 80 - 93. Let z be (-75)/125 + m*(-1)/5. Determine a(z).
-1
Let s(m) = -8*m + 4. Let q(k) = -k. Let y(z) = -5*q(z) + s(z). Give y(3).
-5
Let w(h) = -16*h**2 + 2*h - 1. Let r = -69 + 115. Let v = -45 + r. Calculate w(v).
-15
Let m = -22 + 23. Let p(f) = 11 - m - f**2 - 8 - 7*f. What is p(-6)?
8
Suppose 0 = 4*b - 2*s + 6, 8 = -3*b - s + 1. Let y(r) = 3*r**2 + 353*r + 356*r - 709*r. What is y(b)?
12
Let q(d) = 2 + 5*d - d - d**2 - 5*d. Let u(a) = -a**3 + 2*a**2 - 3*a + 3. Let k be u(2). Let j be q(k). Let o(z) = 2*z + 5. Give o(j).
-3
Let o(w) = -w**3 - 5*w**2 - 2*w - 3. Let d be 3 - 1 - 5 - (-1 - -4). Let b be ((-8)/6)/(d/(-18)). Determine o(b).
-11
Let s be (-3)/6*1*2. Let i(r) = 13*r**3 + 6*r + 0*r + 2*r**2 + 1 - r - 3*r. What is i(s)?
-12
Let u(l) be the second derivative of -l**3/6 - 2*l**2 - 15*l. Determine u(-10).
6
Let r(l) = 3*l**2 + 1 + 3*l + 9*l**3 - 8*l**3 + 0*l**2. Suppose 4*g + g = -10. What is r(g)?
-1
Let v(y) = -y + 29. Let d(f) = -7. Let n(m) = -9*d(m) - 2*v(m). Let o = 2 - -3. Suppose -o = -5*l - 30. Give n(l).
-5
Let i(m) = 6*m - 257 + 487 - 230. Let s = -2 - -1. Determine i(s).
-6
Let g(o) = -o - 16 + 1 + 12. Determine g(9).
-12
Let n(v) = v**3 - 8*v**2 + 6. Let r be 3 - (1764/(-360) - 1/10). Give n(r).
6
Let f(a) = a**3 + 4*a**2 - 3*a - 4. Let u(n) = -n**3 - 4*n**2 + 4*n + 5. Let w(y) = 3*f(y) + 2*u(y). Let l be 0/1 - 8/((-48)/(-18)). What is w(l)?
10
Let y = -12 + 15. Suppose -y*n - 3 = -12. Let f(d) = -9*d**3 - 3*d**2 - n + 10*d**3 + 0 + 4*d. Determine f(2).
1
Let w(u) be the second derivative of 2*u**3/3 - 2*u**2 - 21*u. Let j be 76/(-12)*-3 + -3. Let q(b) = -b**3 + 16*b**2 - b + 19. Let k be q(j). Calculate w(k).
8
Let v(f) = -7*f**2 + 47*f - 1. Let o(k) = -14*k**2 + 109*k - 3. Let l(g) = -3*o(g) + 7*v(g). Determine l(-2).
-30
Let q = 1499 + -1490. Let m(f) = -f**3 + 8*f**2 + 7*f + 20. Calculate m(q).
2
Let i(s) = -3*s + 2*s + 1056 - 1065. What is i(8)?
-17
Let q(t) be the third derivative of t**6/240 + 7*t**5/120 + 17*t**4/12 + 31*t**2. Let b(s) be the second derivative of q(s). Calculate b(-5).
-8
Let l(m) = 4*m - 1. Let h(g) = g**3 + 5*g**2 + 4*g + 22. Let i be h(-5). Let w be 2/i*(-9)/(-63)*7. Determine l(w).
3
Let n be (-39 - -42)/(6/4) + 3. Let f(l) = -9*l. What is f(n)?
-45
Let n(t) = -16*t - 15. Let j(f) = -8*f - 7. Let v(w) = -13*j(w) + 6*n(w). Let c be (1666/(-6))/(-7) - 1/(-3). Suppose 52*p - c*p + 12 = 0. Calculate v(p).
-7
Let k be (-87)/15 + 17/(-85). Let j(v) = -v**3 - 7*v**2 - 4*v - 3. Give j(k).
-15
Suppose 12*c = 10*c. Suppose c = -0*w - 5*w - 4*j - 5, -2*j - 3 = 3*w. L